6
What is the greatest common factor of 9 and 1?
1
Calculate the highest common divisor of 1314 and 36.
18
Calculate the greatest common divisor of 84 and 24.
12
What is the highest common factor of 7 and 413?
7
Calculate the greatest common factor of 1308 and 12.
12
Calculate the greatest common factor of 404 and 1111.
101
What is the greatest common factor of 1165 and 15?
5
Calculate the greatest common divisor of 637 and 273.
91
What is the highest common divisor of 33 and 2112?
33
What is the highest common factor of 128034 and 54?
54
What is the greatest common factor of 155 and 2?
1
What is the highest common factor of 54 and 1008?
18
What is the highest common factor of 259 and 407?
37
What is the greatest common factor of 38 and 950?
38
Calculate the highest common divisor of 2052 and 76.
76
What is the highest common divisor of 156 and 1824?
12
What is the highest common factor of 15 and 40?
5
Calculate the greatest common factor of 325 and 637.
13
Calculate the greatest common divisor of 1188 and 176.
44
Calculate the greatest common factor of 290 and 20.
10
What is the greatest common factor of 20 and 2420?
20
What is the highest common divisor of 2816 and 286?
22
Calculate the highest common divisor of 33 and 13948.
11
Calculate the greatest common divisor of 832 and 13.
13
Calculate the greatest common divisor of 1178 and 114.
38
Calculate the greatest common divisor of 96 and 36.
12
What is the highest common divisor of 6487 and 39?
13
What is the highest common divisor of 33 and 15?
3
Calculate the highest common factor of 11 and 181.
1
Calculate the greatest common divisor of 220 and 50.
10
What is the highest common divisor of 17 and 17136?
17
What is the greatest common factor of 315 and 63?
63
Calculate the highest common divisor of 470 and 230.
10
Calculate the highest common divisor of 4400 and 600.
200
Calculate the greatest common factor of 1156 and 136.
68
Calculate the greatest common factor of 63 and 7581.
21
Calculate the greatest common divisor of 2490 and 1162.
166
Calculate the greatest common divisor of 9 and 207.
9
What is the highest common divisor of 101 and 1717?
101
Calculate the greatest common factor of 10 and 110.
10
Calculate the highest common divisor of 304 and 76.
76
What is the highest common divisor of 17 and 187?
17
Calculate the greatest common factor of 35 and 3122.
7
Calculate the highest common factor of 17 and 36193.
17
What is the highest common factor of 186 and 15?
3
What is the highest common divisor of 2794 and 88?
22
Calculate the highest common divisor of 496 and 62.
62
What is the highest common factor of 768 and 64?
64
What is the highest common divisor of 441 and 288?
9
Calculate the highest common divisor of 276 and 69.
69
Calculate the highest common divisor of 24 and 36.
12
What is the highest common divisor of 1302 and 28?
14
What is the greatest common divisor of 2890 and 2210?
170
Calculate the highest common divisor of 320 and 1080.
40
Calculate the greatest common factor of 160 and 112.
16
What is the highest common divisor of 402 and 27?
3
What is the highest common factor of 4958 and 536?
134
What is the highest common divisor of 6525 and 45?
45
Calculate the highest common factor of 48 and 1696.
16
What is the highest common factor of 752 and 47?
47
What is the highest common factor of 148 and 111?
37
What is the highest common factor of 12 and 4146?
6
What is the highest common factor of 123 and 15744?
123
Calculate the greatest common divisor of 4 and 148.
4
What is the highest common factor of 210 and 210?
210
Calculate the greatest common factor of 53 and 53.
53
What is the greatest common divisor of 738 and 82?
82
Calculate the highest common factor of 585 and 6075.
45
Calculate the greatest common factor of 203 and 58.
29
Calculate the greatest common factor of 4511 and 26.
13
What is the greatest common divisor of 393 and 15?
3
What is the greatest common divisor of 1064 and 154?
14
What is the highest common factor of 19 and 304?
19
Calculate the greatest common divisor of 94 and 4183.
47
What is the highest common factor of 376 and 20?
4
Calculate the highest common divisor of 33 and 3.
3
What is the greatest common factor of 83246 and 214?
214
Calculate the greatest common divisor of 84 and 280.
28
Calculate the greatest common divisor of 2541 and 42.
21
What is the greatest common factor of 77 and 143?
11
Calculate the highest common divisor of 934 and 32.
2
Calculate the highest common factor of 3383 and 34.
17
What is the highest common divisor of 4 and 54?
2
Calculate the greatest common divisor of 1501 and 76.
19
What is the highest common factor of 359 and 2?
1
What is the highest common divisor of 1998 and 81?
27
Calculate the highest common divisor of 4146 and 48.
6
What is the highest common factor of 89 and 1424?
89
What is the greatest common factor of 374 and 408?
34
What is the highest common factor of 1394 and 41?
41
What is the greatest common factor of 3970 and 50?
10
Calculate the highest common divisor of 232 and 2378.
58
Calculate the greatest common factor of 51 and 27.
3
Calculate the greatest common divisor of 36 and 99.
9
What is the greatest common divisor of 8213 and 43?
43
What is the greatest common divisor of 760 and 95?
95
What is the highest common divisor of 1610 and 42?
14
Calculate the greatest common divisor of 84 and 16842.
42
Calculate the greatest common divisor of 1596 and 2261.
133
What is the greatest common divisor of 693 and 473?
11
Calculate the highest common divisor of 513 and 304.
19
Calculate the highest common divisor of 297 and 66.
33
Calculate the greatest common divisor of 150 and 135.
15
What is the greatest common factor of 45 and 855?
45
Calculate the highest common factor of 2096 and 104.
8
Calculate the greatest common factor of 16 and 104.
8
Calculate the greatest common divisor of 97 and 12901.
97
What is the greatest common factor of 376 and 8?
8
What is the greatest common divisor of 336 and 378?
42
What is the highest common divisor of 204 and 51?
51
What is the greatest common divisor of 9764 and 4?
4
What is the greatest common divisor of 2775 and 75?
75
What is the greatest common divisor of 12537 and 7?
7
What is the highest common divisor of 119 and 85?
17
Calculate the greatest common factor of 2715 and 15.
15
Calculate the greatest common divisor of 30 and 11870.
10
What is the highest common divisor of 4825 and 400?
25
Calculate the greatest common factor of 100 and 275.
25
Calculate the highest common factor of 27 and 10233.
27
Calculate the highest common divisor of 747 and 45.
9
Calculate the highest common divisor of 2192 and 16.
16
Calculate the highest common factor of 64 and 1696.
32
Calculate the greatest common divisor of 324 and 48.
12
Calculate the highest common factor of 732 and 18.
6
Calculate the greatest common divisor of 9065 and 370.
185
What is the greatest common factor of 150 and 6?
6
What is the highest common factor of 24 and 816?
24
What is the greatest common factor of 26 and 351?
13
Calculate the greatest common factor of 15 and 310.
5
What is the highest common factor of 68 and 221?
17
Calculate the greatest common factor of 2380 and 204.
68
Calculate the highest common factor of 306 and 474.
6
What is the highest common factor of 29712 and 16?
16
Calculate the greatest common divisor of 24405 and 15.
15
What is the greatest common factor of 64 and 1016?
8
What is the highest common divisor of 54 and 2547?
9
Calculate the highest common divisor of 539 and 517.
11
Calculate the highest common factor of 42 and 378.
42
Calculate the highest common factor of 15880 and 40.
40
Calculate the highest common factor of 1911 and 2793.
147
What is the greatest common factor of 3190 and 660?
110
What is the highest common divisor of 4004 and 231?
77
What is the highest common divisor of 42807 and 19?
19
What is the highest common divisor of 15976 and 8?
8
Calculate the highest common factor of 340 and 1258.
34
Calculate the highest common divisor of 144 and 12.
12
What is the highest common divisor of 1080 and 3510?
270
What is the greatest common divisor of 12396 and 36?
12
What is the greatest common divisor of 52 and 8?
4
Calculate the highest common factor of 222 and 6.
6
